sor of o and a?
12
Suppose 5*t - 50 = -2*h, 5*h = t + t + 154. Calculate the greatest common divisor of h and 15.
15
Let f(b) = 4*b**3 + 2*b**2 - 4*b - 3. Let w be f(-3). Let p = w + 136. Calculate the greatest common divisor of 5 and p.
5
Suppose 0 = 2*j - 6*f + 4*f - 334, -2*j - 3*f + 349 = 0. What is the highest common factor of 34 and j?
34
Suppose 0 = -4*l - 2*t + 2, 2*l - 3*t = -5*t - 2. Let k(i) = 3*i**3 - 3*i**2 + i + 1. Let j be k(l). What is the greatest common divisor of j and 45?
15
Let i be (13/5)/((-2)/(-70)). What is the highest common divisor of i and 13?
13
Let p be (0 - 0 - -4)/(84/210). What is the highest common factor of 20 and p?
10
Let i(o) = -o**2 - 10*o. Let q be i(-6). Suppose 5*v - q = 6. Calculate the greatest common factor of v and 54.
6
Let j be ((-108)/14)/((-6)/28). Let b = -16 + 25. What is the greatest common divisor of j and b?
9
Let q = -7 + 11. Suppose -2*x = 2*x - q. Let m(a) = 2*a. Let l be m(1). What is the highest common factor of l and x?
1
Let c be (4*1)/((-2)/(-6)). Let t(l) = l**3 - 4*l**2 - 3*l + 6. Let q be t(7). What is the greatest common factor of q and c?
12
Let i(r) = -r + 41. Let f be i(-19). What is the greatest common divisor of f and 24?
12
Suppose 2*c + 0*c = 22. Let w(d) = 1 - 5 + 1 - 2*d. Let r be w(-7). What is the greatest common factor of c and r?
11
Suppose 5*a = 208 - 18. Calculate the highest common factor of a and 38.
38
Let s = 13 - 4. Calculate the greatest common divisor of s and 3.
3
Let k = 219 - 131. What is the highest common factor of 11 and k?
11
Suppose -3*b + 59 - 17 = 0. Let a(m) = 6*m**3 + m**2 + 3*m - 2. Let c be a(2). What is the greatest common divisor of b and c?
14
Let b = -1 - -3. Suppose -2*n = -b*o + 3*o - 19, -o - 4*n = -23. Calculate the highest common divisor of o and 6.
3
Suppose 0 = -0*p - p. Suppose -4*d + 4 + 12 = p. Suppose -r + 3*r - 70 = -5*b, d*r - 3*b = 166. What is the greatest common factor of 5 and r?
5
Let d be 5 + (-536)/(-32) - 1/(-4). Calculate the greatest common factor of 33 and d.
11
Suppose -5*u - q = 97, -4*u - 29 = 4*q + 39. Let m = 28 + u. Calculate the highest common divisor of 2 and m.
2
Let c = 1 - -2. Suppose -4*t + c*t = -11. Calculate the highest common divisor of 11 and t.
11
Let v = 719 + -488. What is the greatest common factor of v and 21?
21
Let u be (-6)/(-9)*(1 + 17). Let r be (-2 - -3)*(2 + 1). What is the greatest common divisor of r and u?
3
Suppose -1527 = 3*r - 6*r. Suppose -2*v = v - 15, -4*g + r = 5*v. Calculate the greatest common divisor of g and 11.
11
Let k(a) = 104*a + 1. Let m be k(1). Calculate the highest common divisor of 21 and m.
21
Suppose 0 = 2*n - 1 - 3. Suppose 24 = n*s - 28. Calculate the greatest common divisor of 13 and s.
13
Suppose v - 2*v = -3. Suppose v*h - 21 = 6*h. Let q be 0 - 2 - h - -2. Calculate the greatest common factor of q and 35.
7
Let i be (-2)/(-3) + (-830)/(-15). Calculate the highest common divisor of i and 7.
7
Suppose -3*k + k + 4 = 0. Calculate the greatest common divisor of k and 4.
2
Let k be (1 - 20/(-2)) + -2. Let l be 6/k - 88/(-12). Let m = l - 1. What is the greatest common factor of m and 14?
7
Let v = -2 + 4. Suppose r + 3*u = 23, -v*r + 9 = -3*u - 10. Let f(g) = -112*g. Let l be f(-1). What is the highest common divisor of r and l?
14
Let h = 346 + -135. Suppose 77 = 4*u - h. Calculate the highest common factor of u and 12.
12
Suppose -4*l - 1 = -141. Let k(r) = -6*r + 0 + r**2 + 5 + 2. Let f be k(6). Calculate the greatest common divisor of f and l.
7
Suppose -i - 2*i = -9. Let y = 0 - 0. Suppose -5*o - 5 = y, -o + 93 = 4*v + 2*o. Calculate the highest common divisor of v and i.
3
Let w(k) = 2*k**3 - 14*k**2 + 9*k + 13. Let n be w(9). What is the greatest common divisor of n and 38?
38
Let m be -1*(0 - -1) + 7. Suppose 3*d + 12 = 24. Calculate the greatest common divisor of d and m.
2
Let x(m) = 2*m - 1. Let y be x(2). Suppose 5*h = -5*z + 55, -y*z - 2*h + 32 = 3. Calculate the highest common divisor of z and 63.
7
Suppose -4*x + 12 = -48. Let g(w) = -w**3 + 2*w**2 + 2*w + 3. Let r be g(-2). What is the highest common divisor of x and r?
15
Suppose -x = 2*w - 30, -5*x + 3*w + 101 = -88. What is the highest common factor of x and 27?
9
Let o = -58 + 78. Calculate the greatest common factor of 160 and o.
20
Let j = -91 + 99. Let u = 62 - -10. Calculate the highest common divisor of j and u.
8
Suppose 8*g - 197 = 3. What is the highest common divisor of g and 200?
25
Let r = 28 - 10. What is the greatest common divisor of 45 and r?
9
Let u(f) = -f + 20. Let n be u(14). Suppose c + 2*v = 2*c - 42, 2*c = -3*v + 105. Calculate the greatest common divisor of n and c.
6
Let o be (48/2)/((-4)/(-14)). Calculate the highest common factor of o and 12.
12
Let l be -3 + (1 - 111/(-3)). Let w be (10/6)/(6/18). Calculate the greatest common factor of w and l.
5
Let t(i) = -i**3 + 7*i**2 - i - 5. Let d be t(7). Let g = d + 20. What is the highest common factor of g and 16?
8
Let w(a) = 22*a - 3. Let g be 2/(-9) - (-29)/9. Let o be g*(-1)/(2/(-2)). Let i be w(o). What is the highest common divisor of i and 42?
21
Let m = 28 - -32. Calculate the highest common divisor of 20 and m.
20
Suppose -5*v + 2*v - 18 = -3*g, 5*g = -4*v + 30. Calculate the greatest common divisor of 12 and g.
6
Let j = 16 + 12. Calculate the greatest common divisor of 7 and j.
7
Let k(w) = -18*w + 8. Let o be k(-12). Suppose 4*v - o = -8. Calculate the greatest common divisor of 36 and v.
18
Let v = -3 + 8. Suppose -n + x + v = 0, -2*x - 3*x = 15. Let m(g) = -g**3 + 6*g**2 - 2*g + 7. Let j be m(5). What is the highest common factor of n and j?
2
Let j(c) be the second derivative of c**4/6 + 2*c**3/3 + c**2 + c. Let y be j(-3). What is the highest common divisor of y and 12?
4
Let d be (-3802)/(-18) + (-8)/36. Let x = d - 78. Let s be 9*1*2 + 1. Calculate the highest common divisor of x and s.
19
Let w = 6 - 3. Suppose p = -7*p + 120. Suppose r - p = w. Calculate the highest common factor of r and 2.
2
Let f = 46 + 70. Suppose 3*l - 2*t + 82 = 6*l, 0 = 4*l + t - f. What is the greatest common divisor of l and 330?
30
Suppose 3*w = -2*h + 25, 0 = 4*h + 2*w - 5 - 49. Let l be -7*(3 - 46/14) + 26. Calculate the greatest common divisor of h and l.
14
Suppose -3*y + 0*y + 145 = d, 3*y - 3*d = 165. What is the greatest common divisor of y and 10?
10
Let d be 1 + 0 - (12 - -2). Let n = 29 + d. Calculate the greatest common factor of n and 16.
16
Suppose -2*m - m - 3*t + 39 = 0, 5*m = -4*t + 64. Let u be -5*(-3)/6*2. Suppose -c + 33 = -0*q + u*q, 4*q = -12. What is the highest common factor of c and m?
12
Suppose 0 = -4*n - 0*y + 2*y + 82, 3*n = 3*y + 54. Suppose -4*u + n + 5 = 0. Let g = -9 + 37. What is the highest common factor of u and g?
7
Let l(q) = -27*q + 2. Let u be l(-1). What is the greatest common factor of u and 29?
29
Let n be 2*((-117)/(-6) + -2). What is the highest common divisor of n and 385?
35
Let p be 11/4 + ((-21)/12)/(-7). Calculate the highest common divisor of p and 3.
3
Let s(o) = -o + 25. Let q be s(-4). What is the highest common factor of 261 and q?
29
Let m = -31 + 12. Let j be m/5 + (-7)/35. Let q be j/(3 + 14/(-4)). What is the highest common divisor of q and 32?
8
Let a be 0/(5 - (3 + 0)). Let t(i) = -i**3 - i**2 + 3. Let o be t(a). What is the highest common divisor of 3 and o?
3
Suppose -6 = 2*f - 3*y, -f = 4*f - y - 11. Calculate the highest common divisor of 33 and f.
3
Suppose -5*s + 210 = 65. Calculate the highest common divisor of 116 and s.
29
Suppose 2*d + 2*d - 8 = 0. Suppose t = -4*j - 14, -4 - d = 5*t + 4*j. Suppose -80 = -2*q - t*q. Calculate the greatest common factor of q and 4.
4
Let m be 18 + (-1 + 3 - 5). Let k be 185/m + 1/(-3). What is the greatest common factor of k and 60?
12
Suppose -9*q + 8*q + 153 = 0. Suppose -5*x + q = -2*x. What is the highest common divisor of x and 17?
17
Suppose -3*s + 57 = q - s, 3*q - 173 = -5*s. Suppose -5*w - 6 + q = 0. Calculate the greatest common factor of 88 and w.
11
Let w(x) = -x**3 + 6*x**2 + 3*x - 17. Let v be w(6). What is the highest common factor of v and 13?
1
Let n(s) = 76*s + 1. Let k be n(2). Let y = k + -81. Let z = 30 + -21. What is the highest common divisor of y and z?
9
Suppose -2*j - 255 = -5*j. What is the h